) a prime number?
False
Suppose -2*c + 3*o - 6069 + 15810 = 0, -19462 = -4*c + 2*o. Let j = -1222 + c. Is j a prime number?
False
Let g(z) = 3*z**3 + z**2 + 2*z + 87. Let a(f) = -f**3 - f - 1. Let n(k) = 2*a(k) + g(k). Let x be 4/2 - 3 - -1. Is n(x) composite?
True
Suppose -3*i + 4*y = -4*i + 17229, -5*y - 34406 = -2*i. Is i a prime number?
False
Let q be 1328/60 - 2/15. Let n = q + -20. Suppose 0 = n*d + 2*p - 1066, -2*d + d + 529 = 3*p. Is d a composite number?
True
Let b(a) = -52*a - 29. Let u be b(-9). Let h = u - 254. Is h composite?
True
Suppose -4*t + 2*q + 4746 = 0, 5*t - 1301 = -q + 4628. Let n = t - 665. Is n composite?
False
Let x(u) = -626*u - 347. Is x(-30) a composite number?
False
Suppose 1553*l = 1547*l + 23838. Is l a prime number?
False
Let h(r) = r**3 - 7*r**2 + r - 5. Let b be h(7). Let n(l) = -3*l**2 - 2*l**3 - 5 - l**b - 3*l - 3*l**2 + 2*l. Is n(-6) composite?
False
Let m be 4/(-26) - 819/169. Let w be 2/(5/(-100)*m). Let c = w + 43. Is c a prime number?
False
Let l = 47179 - 31758. Is l composite?
True
Suppose -2*h + 6*h - 6628 = -5*y, -y + 1657 = h. Is h a prime number?
True
Suppose -5*r = -8*r - 2*f + 11387, 2*f = -5*r + 18973. Is r a prime number?
True
Let x(j) = -14*j - 11. Let h be 1*(-1 + 2)/1. Let y = -6 + h. Is x(y) a composite number?
False
Let s be 2*(-3)/(-6) + -772. Let l = -440 - s. Is l a composite number?
False
Suppose 2*g - 4*u = -2*u + 1154, -u - 1737 = -3*g. Let q = g - 194. Is q composite?
True
Let i be -20*-30*(-225)/(-40). Suppose -4*c - c = -5*y - i, 0 = 5*c - 2*y - 3387. Is c a prime number?
False
Suppose -26*g = -21*g - 8870. Suppose o - 2*s - s - g = 0, 0 = -2*o - 2*s + 3508. Is o prime?
True
Let j = 318 + 3503. Is j a prime number?
True
Let j(z) = 4*z**2 - 10*z - 11. Let m(k) = -5*k**2 + 9*k + 11. Let c(h) = -2*j(h) - 3*m(h). Is c(-5) a prime number?
True
Let i = 1 - -4. Suppose -i*g + 3895 = 5*u, 5*u + 233 = g - 522. Suppose 503 + 284 = 5*f - a, 5*f + 5*a = g. Is f a prime number?
True
Let v = -8 - -13. Is (-65618)/(-70) + ((-6)/v)/3 composite?
False
Let s be 2/3 + (-57)/(-9). Suppose s*q - 12 = 3*q. Is 185 - (q + -6 + 3) prime?
False
Let p = -2562 + 1520. Let l be (p/5)/((-10)/50). Suppose -4*n = -2*n - l. Is n a composite number?
False
Suppose -6*x + 2607 + 2715 = 0. Is x a composite number?
False
Suppose -48*u + 43*u = -12515. Is u prime?
True
Let n = -38 + 42. Suppose -6*k - n*w + 6502 = -4*k, -3*k = -2*w - 9753. Is k prime?
True
Let z(f) = f**2 - 19*f - 15. Let h be z(20). Suppose -3*b + 1771 = 5*g, -2*b = 2*b - h*g - 2338. Is b composite?
False
Is (-49)/14*1338/(-3) a composite number?
True
Is (((-8352)/54)/8)/((-2)/843) composite?
True
Suppose -7709 = 10*d - 40179. Is d prime?
False
Let n be (-32)/6*(-24)/16. Suppose n*m + 60 = 3*m. Is (-2526)/m + 3/6 a prime number?
True
Let d = -14414 - -27057. Is d a composite number?
True
Let i(r) = 428*r**2 + 18*r + 11. Is i(9) a prime number?
True
Let c(i) = 515*i - 4. Is c(3) a prime number?
False
Let c(s) = -1 - 13 - 10*s + 0*s**3 + s**3 + 6. Is c(9) prime?
True
Let h = 3154 - 1557. Is h a composite number?
False
Let f = -14 + 10. Let t(j) = -j**2 - 10*j - 9. Let u be t(f). Is (-4990)/u*3/(-2) composite?
False
Let h = 1148 + -57. Suppose o + 4*v = h, -2*v + 958 = o - 131. Is o prime?
True
Suppose u + 6641 = 4*p - 3*p, 4*u - 33169 = -5*p. Is p a prime number?
True
Suppose q = 5*b + 2726 - 322, 0 = 4*b - 20. Is q a composite number?
True
Is -13*(5780/(-5) - 7) a composite number?
True
Let h = -10 + -16. Let f = 137 + h. Is f prime?
False
Let t = 22 - 24. Let i be 21 + 4 + t + 1. Let v = 533 + i. Is v a prime number?
True
Let k(b) = -b**2 - b. Let i be k(0). Suppose 2*u = 2, 5*u - 1 = -i*j + j. Suppose j*r = 89 + 227. Is r a prime number?
True
Is (6/6)/((-10)/(-180410)) composite?
False
Let b(i) be the second derivative of 197*i**3/6 + 9*i**2/2 - 18*i. Is b(4) prime?
True
Let o = -10893 + 15400. Is o a prime number?
True
Let g be (-8 - -1)/(3 + -4). Let m(q) = -20*q**2 - 2*q - 2. Let k(z) = 7*z**2 + z + 1. Let s(c) = -17*k(c) - 6*m(c). Is s(g) composite?
True
Let q be -6 + (-160)/(-25) + 46/10. Suppose q*c = -25, 532 = -0*w + w + 5*c. Is w composite?
False
Suppose 5*t - 61835 = -3*u, -u + 37101 = -17*t + 20*t. Is t composite?
True
Is (-7)/(-7) + -7 + 1609 a composite number?
True
Let w be (22/55)/(2/10). Suppose 3*o + 7 = -2*l - 3*l, 12 = w*o - 5*l. Let c(y) = 193*y - 2. Is c(o) prime?
True
Let p = -4983 - -7412. Is p a prime number?
False
Suppose -3*y - 2*z = -80389, 3*y - 32366 = z + 48026. Is y prime?
False
Let z(m) = 8*m**2 - 9*m - 4. Let u be 1 - 2*(-6 + 2). Is z(u) a prime number?
True
Let h(q) = q**3 - 40*q**2 + 80*q + 104. Is h(41) a composite number?
True
Let u(i) = 281*i - 634. Is u(13) prime?
True
Let k(p) = p + 19. Let g be k(-17). Suppose 3*m + 3*n = 192, g*m + 2*n - 133 = n. Is m composite?
True
Suppose 2*b = -5*s - 5480, -4*s = -0*b + 4*b + 4384. Let p = s - -2022. Is p composite?
True
Suppose -3*i + 5*y - 18 = -4*i, -4*y = -5*i + 32. Let g be (-36)/i*4/(-6). Suppose g*p - 5*k = 543 + 664, 5*p = k + 1975. Is p a composite number?
True
Is 7/(-21) - (-147372)/18 composite?
True
Suppose 0 = 56*u - 61*u. Suppose -4*p + 661 = 4*c - p, u = c + p - 165. Is c composite?
True
Let t be ((-10)/4)/((-4)/8) - 0. Let n = 1352 - 588. Suppose -t*c + c = -n. Is c composite?
False
Suppose -23*t = -18012 - 81739. Is t a prime number?
True
Let y be (-8)/44 - 0 - (-53)/(-11). Is (2 - 76)*2/4*y prime?
False
Let r(g) = -g**3 - 6*g**2 + 7*g - 2. Let s be -4*(-4)/(-32)*-14. Suppose -s*d + 15 = 78. Is r(d) prime?
False
Suppose 4*n - 40 = -0*n. Let i = n - 6. Suppose -5*t = -i*t - 19. Is t composite?
False
Suppose 4*j + 1346 = -1710. Let z = 1405 + j. Is z a composite number?
False
Let s be 44/11*(0 - -2). Let d(m) = -10*m**3 - 5 + m + 8*m + s*m**3 - 5*m**2. Is d(-7) a composite number?
False
Suppose 35169 = 5*n + 4*b, 5*b + 4151 = 2*n - 9943. Is n a composite number?
True
Suppose 506894 + 209801 = 35*i. Is i a composite number?
False
Suppose 4*g + l = 3811, 3246 = 5*g + 4*l - 1515. Is g composite?
False
Let w = -3393 - -15931. Is w prime?
False
Let x(c) = -21 - 22 + 6*c + 2*c**2 + 42. Suppose 3*j = -4*r - 35, -r - 7 = j - 2*j. Is x(r) prime?
True
Suppose -2*l + 4*w = 3*w + 102, -192 = 4*l + 4*w. Let b = l + 102. Let j = 141 - b. Is j a composite number?
False
Let m be 5 + (-2 + 4)/(-1). Suppose c - 52 = 3*v, 4*v = c + m*v - 54. Suppose -u + c = -382. Is u a composite number?
True
Let i(c) = -69*c + 6. Let v = 11 + -13. Let m be i(v). Suppose 4*q + m = f - 83, 441 = 2*f + 5*q. Is f a prime number?
True
Suppose 0 = -5*f + 4 + 6. Suppose 0 = k + 5*a - 174, f*k - 303 = -3*a + 2*a. Is (k/5)/(2/10) composite?
False
Suppose 2*h = -4*b + 2570, -36*h + 32*h = -b - 5104. Is h a prime number?
True
Let n = 34 + -36. Is n - 42*228/(-8) composite?
True
Suppose -50202 = -16*d + 216374. Is d composite?
False
Suppose -3*c + 5*f - 481 = 0, -6 = 2*c + 5*f + 348. Suppose -x = -4*k - 611 + 234, 4*x - 1522 = 2*k. Let v = x + c. Is v a composite number?
True
Is ((-2)/8)/(-7*2/60872) composite?
False
Suppose 0*p = 2*p + 4, -2*p = 5*u - 1166. Suppose a - u = -a + 2*z, 3*z = -5*a + 625. Is a composite?
True
Let f = -247 + 980. Is f prime?
True
Let b be 5*(56/5)/4. Let y = b + -11. Suppose -2*d = -4*k - 30, -d + y*k - 7*k + 45 = 0. Is d prime?
False
Is (6/(-2) - (-20180)/8)*2 composite?
False
Let f = 547 - -2110. Suppose 0*l = -l + f. Is l prime?
True
Suppose 0 = s - 3*f - 4099, -3*f + 8 + 4 = 0. Is s a prime number?
True
Is (-150)/48*-5722 - 1/4 a prime number?
True
Suppose 3*t = -10*t + 4*t. Suppose 2*v + 179 = 5*b, 5*v + 10 + 0 = t. Is b composite?
True
Let t(s) = -4*s**3 - 2*s**2 + 5*s - 7. Let o be t(-5). Let b = o + -233. Suppose -4*x = -2*z + z + 14, 0 = -5*z - 3*x + b. Is z composite?
True
Let v = 70 - 64. Is ((-548)/v)/((-10)/105) composite?
True
Let y(h) = 9*h**2 - 6*h. Let k be y(-6). Suppose -3*b + k = 2*b. Suppose -47 - b = -v. Is v prime?
False
Let c(f) = -926*f - 5. Is c(-1) a prime number?
False
Suppose 6*w - 12 - 6 = 0. Let x(p) = 2 + 8*p + 25*p**2 - 13*p + 9*p**2. Is x(w) a prime number?
True
Let d(r) = 2*r**2 - 21*r + 52. Let q be d(6). Let y be (-1 - 3)/((-1)/(-1)). Is (149/y)/(q/8) a prime number?
True
Suppose -5*n = 2*y - 10982, 3*n = -5*y - 4144 + 10737. Let 